{"id":66,"date":"2018-09-20T20:08:44","date_gmt":"2018-09-20T20:08:44","guid":{"rendered":"http:\/\/regenbogen-reinickendorf.de\/?page_id=66"},"modified":"2019-12-13T10:06:48","modified_gmt":"2019-12-13T10:06:48","slug":"hiv","status":"publish","type":"page","link":"https:\/\/regenbogen-reinickendorf.de\/?page_id=66","title":{"rendered":"HIV"},"content":{"rendered":"<p>Ob du HIV hast oder nicht, kann dir nur ein Test sagen. Diesen Test kannst du anonym oder auch \u00fcber einen Schwerpunktarzt machen lassen, den dann sogar die Krankenkasse zahlt. Wichtig ist, dass du dich ab und zu mal testen l\u00e4sst, um dich und deine SexualpartnerInnen zu sch\u00fctzen. Nur wenn du wei\u00dft, ob du HIV hast, lernt es sich damit umzugehen. Wenn deine Diagnose positiv ist, du also HIV hast, dann solltest du mit deinem Arzt\/\u00c4rztin umgehend deine Therapiem\u00f6glichkeiten besprechen. Je eher eine medikament\u00f6se Therapie beginnt, desto schneller kommst du unter die Nachweisgrenze und f\u00fchrst ein fast ganz normales Leben weiter. Therapie ist der beste Schutz f\u00fcr dich und deine zuk\u00fcnftigen SexualpartnerInnen, so die Experten. Nat\u00fcrlich solltest du dennoch lernen, mit HIV positiv umzugehen. Hierbei unterst\u00fctzen wir dich gerne. Oftmals ver\u00e4ndert sich das Sexualleben, da die jenigen PartnerInnen, die sich mit dem Thema noch nicht besch\u00e4ftigt haben, \u00c4ngste versp\u00fcren und evtl. keinen Sex mit dir haben wollen. Lass dich davon aber nicht entmutigen und sprich mit ihnen dar\u00fcber, gerne bekommst du \u00fcber uns auch Fachliteratur, ausgestellt von der Aids Hilfe, also den ExpertInnen.<\/p>\n<p><img loading=\"lazy\" decoding=\"async\" class=\"alignnone  wp-image-453\" src=\"https:\/\/regenbogen-reinickendorf.de\/wp-content\/uploads\/2019\/12\/78435205_579528576141557_4264930635488952320_n-165x300.jpg\" alt=\"\" width=\"125\" height=\"227\" srcset=\"https:\/\/regenbogen-reinickendorf.de\/wp-content\/uploads\/2019\/12\/78435205_579528576141557_4264930635488952320_n-165x300.jpg 165w, https:\/\/regenbogen-reinickendorf.de\/wp-content\/uploads\/2019\/12\/78435205_579528576141557_4264930635488952320_n.jpg 528w\" sizes=\"auto, (max-width: 125px) 100vw, 125px\" \/><\/p>\n<p>Kondome sch\u00fctzen vor HIV und Geschlechtskrankheiten. Lass dich testen &#8211; gewinne klarheit! Das ist die Botschaft. F\u00fcr Fragen stehen wir dir gerne zur Verf\u00fcgung.<\/p>\n","protected":false},"excerpt":{"rendered":"<p>Ob du HIV hast oder nicht, kann dir nur ein Test sagen. Diesen Test kannst du anonym oder auch \u00fcber einen Schwerpunktarzt machen lassen, den dann sogar die Krankenkasse zahlt. Wichtig ist, dass du dich ab und zu mal testen l\u00e4sst, um dich und deine SexualpartnerInnen zu sch\u00fctzen. Nur wenn du wei\u00dft, ob du HIV [&hellip;]<\/p>\n","protected":false},"author":1,"featured_media":0,"parent":0,"menu_order":0,"comment_status":"closed","ping_status":"closed","template":"","meta":{"footnotes":""},"class_list":["post-66","page","type-page","status-publish","hentry"],"jetpack_sharing_enabled":true,"_links":{"self":[{"href":"https:\/\/regenbogen-reinickendorf.de\/index.php?rest_route=\/wp\/v2\/pages\/66","targetHints":{"allow":["GET"]}}],"collection":[{"href":"https:\/\/regenbogen-reinickendorf.de\/index.php?rest_route=\/wp\/v2\/pages"}],"about":[{"href":"https:\/\/regenbogen-reinickendorf.de\/index.php?rest_route=\/wp\/v2\/types\/page"}],"author":[{"embeddable":true,"href":"https:\/\/regenbogen-reinickendorf.de\/index.php?rest_route=\/wp\/v2\/users\/1"}],"replies":[{"embeddable":true,"href":"https:\/\/regenbogen-reinickendorf.de\/index.php?rest_route=%2Fwp%2Fv2%2Fcomments&post=66"}],"version-history":[{"count":3,"href":"https:\/\/regenbogen-reinickendorf.de\/index.php?rest_route=\/wp\/v2\/pages\/66\/revisions"}],"predecessor-version":[{"id":462,"href":"https:\/\/regenbogen-reinickendorf.de\/index.php?rest_route=\/wp\/v2\/pages\/66\/revisions\/462"}],"wp:attachment":[{"href":"https:\/\/regenbogen-reinickendorf.de\/index.php?rest_route=%2Fwp%2Fv2%2Fmedia&parent=66"}],"curies":[{"name":"wp","href":"https:\/\/api.w.org\/{rel}","templated":true}]}}