{"id":64,"date":"2018-09-20T20:08:44","date_gmt":"2018-09-20T20:08:44","guid":{"rendered":"http:\/\/regenbogen-reinickendorf.de\/?page_id=64"},"modified":"2019-06-13T16:02:23","modified_gmt":"2019-06-13T16:02:23","slug":"coming-out","status":"publish","type":"page","link":"https:\/\/regenbogen-reinickendorf.de\/?page_id=64","title":{"rendered":"Coming Out"},"content":{"rendered":"<p>Sich zu outen, egal ob bei den Eltern, Freunden, in der Schule, bei der Arbeit oder auch beispielsweise im Fu\u00dfballverein bedeutet einen riesen Schritt in seinem Leben zu machen, der viel Mut, Vertrauen und Offenheit abverlangt. Oftmals ist es f\u00fcr viele kein Problem, aber dennoch ist danach immer auch mit Ablehnung, Mobbing oder auch Homophobie zu rechnen. Daher ist es f\u00fcr uns wichtig, dich bei deinem Schritt zu begleiten und zu unterst\u00fctzen, sofern du es m\u00f6chtest. Wir sind f\u00fcr dich da!<\/p>\n<p><img loading=\"lazy\" decoding=\"async\" class=\"alignnone size-medium wp-image-249\" src=\"https:\/\/regenbogen-reinickendorf.de\/wp-content\/uploads\/2019\/02\/XsYMMi3tDkczC7vJLxqQ-300x200.jpg\" alt=\"\" width=\"300\" height=\"200\" srcset=\"https:\/\/regenbogen-reinickendorf.de\/wp-content\/uploads\/2019\/02\/XsYMMi3tDkczC7vJLxqQ-300x200.jpg 300w, https:\/\/regenbogen-reinickendorf.de\/wp-content\/uploads\/2019\/02\/XsYMMi3tDkczC7vJLxqQ-600x400.jpg 600w, https:\/\/regenbogen-reinickendorf.de\/wp-content\/uploads\/2019\/02\/XsYMMi3tDkczC7vJLxqQ-768x512.jpg 768w, https:\/\/regenbogen-reinickendorf.de\/wp-content\/uploads\/2019\/02\/XsYMMi3tDkczC7vJLxqQ.jpg 800w\" sizes=\"auto, (max-width: 300px) 100vw, 300px\" \/><\/p>\n","protected":false},"excerpt":{"rendered":"<p>Sich zu outen, egal ob bei den Eltern, Freunden, in der Schule, bei der Arbeit oder auch beispielsweise im Fu\u00dfballverein bedeutet einen riesen Schritt in seinem Leben zu machen, der viel Mut, Vertrauen und Offenheit abverlangt. Oftmals ist es f\u00fcr viele kein Problem, aber dennoch ist danach immer auch mit Ablehnung, Mobbing oder auch Homophobie [&hellip;]<\/p>\n","protected":false},"author":1,"featured_media":0,"parent":0,"menu_order":0,"comment_status":"closed","ping_status":"closed","template":"","meta":{"footnotes":""},"class_list":["post-64","page","type-page","status-publish","hentry"],"jetpack_sharing_enabled":true,"_links":{"self":[{"href":"https:\/\/regenbogen-reinickendorf.de\/index.php?rest_route=\/wp\/v2\/pages\/64","targetHints":{"allow":["GET"]}}],"collection":[{"href":"https:\/\/regenbogen-reinickendorf.de\/index.php?rest_route=\/wp\/v2\/pages"}],"about":[{"href":"https:\/\/regenbogen-reinickendorf.de\/index.php?rest_route=\/wp\/v2\/types\/page"}],"author":[{"embeddable":true,"href":"https:\/\/regenbogen-reinickendorf.de\/index.php?rest_route=\/wp\/v2\/users\/1"}],"replies":[{"embeddable":true,"href":"https:\/\/regenbogen-reinickendorf.de\/index.php?rest_route=%2Fwp%2Fv2%2Fcomments&post=64"}],"version-history":[{"count":3,"href":"https:\/\/regenbogen-reinickendorf.de\/index.php?rest_route=\/wp\/v2\/pages\/64\/revisions"}],"predecessor-version":[{"id":343,"href":"https:\/\/regenbogen-reinickendorf.de\/index.php?rest_route=\/wp\/v2\/pages\/64\/revisions\/343"}],"wp:attachment":[{"href":"https:\/\/regenbogen-reinickendorf.de\/index.php?rest_route=%2Fwp%2Fv2%2Fmedia&parent=64"}],"curies":[{"name":"wp","href":"https:\/\/api.w.org\/{rel}","templated":true}]}}