{"id":106,"date":"2018-09-27T19:58:52","date_gmt":"2018-09-27T19:58:52","guid":{"rendered":"http:\/\/regenbogen-reinickendorf.de\/?page_id=106"},"modified":"2022-02-12T16:36:43","modified_gmt":"2022-02-12T16:36:43","slug":"homophobie","status":"publish","type":"page","link":"https:\/\/regenbogen-reinickendorf.de\/?page_id=106","title":{"rendered":"Homophobie, Biphobie, Transphobie"},"content":{"rendered":"<p>Unser Verein fordert vom neuen Bezirksamt, dass erstmal zum 17.05.22 nun endlich die Progress Pride-Fahne offiziell am Rathaus und in Tegel Karolinenstra\u00dfe\/Ecke Am Tegeler Hafen f\u00fcr alle Menschen sichtbar geflaggt wird.<\/p>\n<p>Wenn du homophobe oder transphobe \u00dcbergriffe erlebt hast, sprich mit uns dar\u00fcber. Wir helfen weiter!<\/p>\n<p>Homo-Bi- und Transphobie ist unserer Meinung nach wie vor Verachtenswert. Ein Grund f\u00fcr uns, hier um Aufkl\u00e4rung und Verst\u00e4ndnis in der Bev\u00f6lkerung zu werben. Alle Menschen sind gleich, egal welcher sexuellen Orientierung, welcher Herkunft, Religion, politischen Auffassung, Hautfarbe etc. Behandeln wir den Menschen doch als Menschen, quasi so wie wir alle gerne behandelt werden wollen.<\/p>\n<p>Alleine die Aussage &#8222;Schwule Sau&#8220; ist den Gerichten heut zu Tage ein Schmerzensgeld von bis zu \u20ac 1.800 wert. Es f\u00e4ngt auf den Schulh\u00f6fen an und begleitet uns das ganze Leben. Ein Grund mehr hier aufzukl\u00e4ren und Vorurteile abzubauen.<\/p>\n<p>Lasst uns gemeinsam f\u00fcr mehr Akzeptanz und Toleranz werben, auch innerhalb der LSBTI-Gemeinde.<\/p>\n<p>Hier einige Bilder vom 17.05.2020, dem Internationalen Tag gegen Homophobie, Biphobie, Trans- und Interphobie. Bild 1<\/p>\n<p><img loading=\"lazy\" decoding=\"async\" class=\"alignnone size-medium wp-image-472\" src=\"https:\/\/regenbogen-reinickendorf.de\/wp-content\/uploads\/2020\/05\/25776d29-b870-4587-b2fa-b9abed92251e-225x300.jpg\" alt=\"\" width=\"225\" height=\"300\" srcset=\"https:\/\/regenbogen-reinickendorf.de\/wp-content\/uploads\/2020\/05\/25776d29-b870-4587-b2fa-b9abed92251e-225x300.jpg 225w, https:\/\/regenbogen-reinickendorf.de\/wp-content\/uploads\/2020\/05\/25776d29-b870-4587-b2fa-b9abed92251e-768x1024.jpg 768w, https:\/\/regenbogen-reinickendorf.de\/wp-content\/uploads\/2020\/05\/25776d29-b870-4587-b2fa-b9abed92251e-1152x1536.jpg 1152w, https:\/\/regenbogen-reinickendorf.de\/wp-content\/uploads\/2020\/05\/25776d29-b870-4587-b2fa-b9abed92251e-600x800.jpg 600w, https:\/\/regenbogen-reinickendorf.de\/wp-content\/uploads\/2020\/05\/25776d29-b870-4587-b2fa-b9abed92251e.jpg 1200w\" sizes=\"auto, (max-width: 225px) 100vw, 225px\" \/><\/p>\n<p>ist bei der provisorischen Flaggenhissung vor dem Rathaus um 11.30 Uhr mit FDP, B90\/Gr\u00fcne und Die Linke (jeweils die Fraktionen im Rathaus).<\/p>\n<p><img loading=\"lazy\" decoding=\"async\" class=\"alignnone size-medium wp-image-473\" src=\"https:\/\/regenbogen-reinickendorf.de\/wp-content\/uploads\/2020\/05\/55f19072-93f6-494d-9715-16032df7e1a4-300x225.jpg\" alt=\"\" width=\"300\" height=\"225\" srcset=\"https:\/\/regenbogen-reinickendorf.de\/wp-content\/uploads\/2020\/05\/55f19072-93f6-494d-9715-16032df7e1a4-300x225.jpg 300w, https:\/\/regenbogen-reinickendorf.de\/wp-content\/uploads\/2020\/05\/55f19072-93f6-494d-9715-16032df7e1a4-1024x768.jpg 1024w, https:\/\/regenbogen-reinickendorf.de\/wp-content\/uploads\/2020\/05\/55f19072-93f6-494d-9715-16032df7e1a4-768x576.jpg 768w, https:\/\/regenbogen-reinickendorf.de\/wp-content\/uploads\/2020\/05\/55f19072-93f6-494d-9715-16032df7e1a4-1536x1152.jpg 1536w, https:\/\/regenbogen-reinickendorf.de\/wp-content\/uploads\/2020\/05\/55f19072-93f6-494d-9715-16032df7e1a4-600x450.jpg 600w, https:\/\/regenbogen-reinickendorf.de\/wp-content\/uploads\/2020\/05\/55f19072-93f6-494d-9715-16032df7e1a4.jpg 1600w\" sizes=\"auto, (max-width: 300px) 100vw, 300px\" \/><img loading=\"lazy\" decoding=\"async\" class=\"alignnone size-medium wp-image-470\" src=\"https:\/\/regenbogen-reinickendorf.de\/wp-content\/uploads\/2020\/05\/IMG_5463-225x300.jpg\" alt=\"\" width=\"225\" height=\"300\" srcset=\"https:\/\/regenbogen-reinickendorf.de\/wp-content\/uploads\/2020\/05\/IMG_5463-225x300.jpg 225w, https:\/\/regenbogen-reinickendorf.de\/wp-content\/uploads\/2020\/05\/IMG_5463-1152x1536.jpg 1152w, https:\/\/regenbogen-reinickendorf.de\/wp-content\/uploads\/2020\/05\/IMG_5463-1536x2048.jpg 1536w, https:\/\/regenbogen-reinickendorf.de\/wp-content\/uploads\/2020\/05\/IMG_5463-600x800.jpg 600w, https:\/\/regenbogen-reinickendorf.de\/wp-content\/uploads\/2020\/05\/IMG_5463-scaled.jpg 1920w\" sizes=\"auto, (max-width: 225px) 100vw, 225px\" \/><\/p>\n<p>Bild 2 und 3 bei der Kundgebung auf der Greenwichpromenade um 15.00 Uhr.<\/p>\n","protected":false},"excerpt":{"rendered":"<p>Unser Verein fordert vom neuen Bezirksamt, dass erstmal zum 17.05.22 nun endlich die Progress Pride-Fahne offiziell am Rathaus und in Tegel Karolinenstra\u00dfe\/Ecke Am Tegeler Hafen f\u00fcr alle Menschen sichtbar geflaggt wird. Wenn du homophobe oder transphobe \u00dcbergriffe erlebt hast, sprich mit uns dar\u00fcber. Wir helfen weiter! Homo-Bi- und Transphobie ist unserer Meinung nach wie vor [&hellip;]<\/p>\n","protected":false},"author":1,"featured_media":0,"parent":0,"menu_order":0,"comment_status":"closed","ping_status":"closed","template":"","meta":{"footnotes":""},"class_list":["post-106","page","type-page","status-publish","hentry"],"jetpack_sharing_enabled":true,"_links":{"self":[{"href":"https:\/\/regenbogen-reinickendorf.de\/index.php?rest_route=\/wp\/v2\/pages\/106","targetHints":{"allow":["GET"]}}],"collection":[{"href":"https:\/\/regenbogen-reinickendorf.de\/index.php?rest_route=\/wp\/v2\/pages"}],"about":[{"href":"https:\/\/regenbogen-reinickendorf.de\/index.php?rest_route=\/wp\/v2\/types\/page"}],"author":[{"embeddable":true,"href":"https:\/\/regenbogen-reinickendorf.de\/index.php?rest_route=\/wp\/v2\/users\/1"}],"replies":[{"embeddable":true,"href":"https:\/\/regenbogen-reinickendorf.de\/index.php?rest_route=%2Fwp%2Fv2%2Fcomments&post=106"}],"version-history":[{"count":7,"href":"https:\/\/regenbogen-reinickendorf.de\/index.php?rest_route=\/wp\/v2\/pages\/106\/revisions"}],"predecessor-version":[{"id":684,"href":"https:\/\/regenbogen-reinickendorf.de\/index.php?rest_route=\/wp\/v2\/pages\/106\/revisions\/684"}],"wp:attachment":[{"href":"https:\/\/regenbogen-reinickendorf.de\/index.php?rest_route=%2Fwp%2Fv2%2Fmedia&parent=106"}],"curies":[{"name":"wp","href":"https:\/\/api.w.org\/{rel}","templated":true}]}}

<p>Unser Verein fordert vom neuen Bezirksamt, dass erstmal zum 17.05.22 nun endlich die Progress Pride-Fahne offiziell am Rathaus und in Tegel Karolinenstraße/Ecke Am Tegeler Hafen für alle Menschen sichtbar geflaggt wird.</p>
<p>Wenn du homophobe oder transphobe Übergriffe erlebt hast, sprich mit uns darüber. Wir helfen weiter!</p>
<p>Homo-Bi- und Transphobie ist unserer Meinung nach wie vor Verachtenswert. Ein Grund für uns, hier um Aufklärung und Verständnis in der Bevölkerung zu werben. Alle Menschen sind gleich, egal welcher sexuellen Orientierung, welcher Herkunft, Religion, politischen Auffassung, Hautfarbe etc. Behandeln wir den Menschen doch als Menschen, quasi so wie wir alle gerne behandelt werden wollen.</p>
<p>Alleine die Aussage &#8222;Schwule Sau&#8220; ist den Gerichten heut zu Tage ein Schmerzensgeld von bis zu € 1.800 wert. Es fängt auf den Schulhöfen an und begleitet uns das ganze Leben. Ein Grund mehr hier aufzuklären und Vorurteile abzubauen.</p>
<p>Lasst uns gemeinsam für mehr Akzeptanz und Toleranz werben, auch innerhalb der LSBTI-Gemeinde.</p>
<p>Hier einige Bilder vom 17.05.2020, dem Internationalen Tag gegen Homophobie, Biphobie, Trans- und Interphobie. Bild 1</p>
<p><img loading="lazy" decoding="async" class="alignnone size-medium wp-image-472" src="https://regenbogen-reinickendorf.de/wp-content/uploads/2020/05/25776d29-b870-4587-b2fa-b9abed92251e-225x300.jpg" alt="" width="225" height="300" srcset="https://regenbogen-reinickendorf.de/wp-content/uploads/2020/05/25776d29-b870-4587-b2fa-b9abed92251e-225x300.jpg 225w, https://regenbogen-reinickendorf.de/wp-content/uploads/2020/05/25776d29-b870-4587-b2fa-b9abed92251e-768x1024.jpg 768w, https://regenbogen-reinickendorf.de/wp-content/uploads/2020/05/25776d29-b870-4587-b2fa-b9abed92251e-1152x1536.jpg 1152w, https://regenbogen-reinickendorf.de/wp-content/uploads/2020/05/25776d29-b870-4587-b2fa-b9abed92251e-600x800.jpg 600w, https://regenbogen-reinickendorf.de/wp-content/uploads/2020/05/25776d29-b870-4587-b2fa-b9abed92251e.jpg 1200w" sizes="auto, (max-width: 225px) 100vw, 225px" /></p>
<p>ist bei der provisorischen Flaggenhissung vor dem Rathaus um 11.30 Uhr mit FDP, B90/Grüne und Die Linke (jeweils die Fraktionen im Rathaus).</p>
<p><img loading="lazy" decoding="async" class="alignnone size-medium wp-image-473" src="https://regenbogen-reinickendorf.de/wp-content/uploads/2020/05/55f19072-93f6-494d-9715-16032df7e1a4-300x225.jpg" alt="" width="300" height="225" srcset="https://regenbogen-reinickendorf.de/wp-content/uploads/2020/05/55f19072-93f6-494d-9715-16032df7e1a4-300x225.jpg 300w, https://regenbogen-reinickendorf.de/wp-content/uploads/2020/05/55f19072-93f6-494d-9715-16032df7e1a4-1024x768.jpg 1024w, https://regenbogen-reinickendorf.de/wp-content/uploads/2020/05/55f19072-93f6-494d-9715-16032df7e1a4-768x576.jpg 768w, https://regenbogen-reinickendorf.de/wp-content/uploads/2020/05/55f19072-93f6-494d-9715-16032df7e1a4-1536x1152.jpg 1536w, https://regenbogen-reinickendorf.de/wp-content/uploads/2020/05/55f19072-93f6-494d-9715-16032df7e1a4-600x450.jpg 600w, https://regenbogen-reinickendorf.de/wp-content/uploads/2020/05/55f19072-93f6-494d-9715-16032df7e1a4.jpg 1600w" sizes="auto, (max-width: 300px) 100vw, 300px" /><img loading="lazy" decoding="async" class="alignnone size-medium wp-image-470" src="https://regenbogen-reinickendorf.de/wp-content/uploads/2020/05/IMG_5463-225x300.jpg" alt="" width="225" height="300" srcset="https://regenbogen-reinickendorf.de/wp-content/uploads/2020/05/IMG_5463-225x300.jpg 225w, https://regenbogen-reinickendorf.de/wp-content/uploads/2020/05/IMG_5463-1152x1536.jpg 1152w, https://regenbogen-reinickendorf.de/wp-content/uploads/2020/05/IMG_5463-1536x2048.jpg 1536w, https://regenbogen-reinickendorf.de/wp-content/uploads/2020/05/IMG_5463-600x800.jpg 600w, https://regenbogen-reinickendorf.de/wp-content/uploads/2020/05/IMG_5463-scaled.jpg 1920w" sizes="auto, (max-width: 225px) 100vw, 225px" /></p>
<p>Bild 2 und 3 bei der Kundgebung auf der Greenwichpromenade um 15.00 Uhr.</p>

<p>Unser Verein fordert vom neuen Bezirksamt, dass erstmal zum 17.05.22 nun endlich die Progress Pride-Fahne offiziell am Rathaus und in Tegel Karolinenstraße/Ecke Am Tegeler Hafen für alle Menschen sichtbar geflaggt wird. Wenn du homophobe oder transphobe Übergriffe erlebt hast, sprich mit uns darüber. Wir helfen weiter! Homo-Bi- und Transphobie ist unserer Meinung nach wie vor [&hellip;]</p>
